03. What is the highest common divisor of k and 16?
16
Let y be ((-5)/2)/(3/(-42)). Let g be (1/1)/((-3)/(-15)). Suppose 4*c - 57 = -p, -g*p + p + 4 = 0. What is the highest common factor of c and y?
7
Suppose m - 35 = -m + 3*f, -37 = -2*m + 5*f. Suppose 3*h = -h + m. Calculate the greatest common factor of h and 36.
4
Let a = -111 - -77. Let k = 94 + a. Suppose 0*f - 4*f = -k. Calculate the greatest common divisor of 5 and f.
5
Let c = 214 - 86. Suppose -4*q - 3*v = -229, -5*v + 47 = 2*q - 50. Suppose q - 13 = 3*x. What is the greatest common factor of c and x?
16
Suppose 363 = 11*l - 2805. Calculate the greatest common factor of 36 and l.
36
Let h = 6 - -1. Suppose -s = -8 - h. Calculate the greatest common factor of 15 and s.
15
Suppose j + 23 = 5*u, -u + 19 = 5*j + 4. Suppose j*x = 15 + 619. Let t = x - 218. What is the highest common divisor of t and 11?
11
Let k = 42 - 23. Let l be k - (2 + -2)/(-3). Suppose -l = -3*i - 4. What is the greatest common divisor of i and 55?
5
Suppose -59 = -3*c - 32. Calculate the greatest common divisor of 18 and c.
9
Let h be (-11)/(44/(-24)) - -3. Suppose -3*f - 2*f - 5*g + 60 = 0, -3*f + 24 = -g. Calculate the greatest common factor of f and h.
9
Suppose -2*g - 81 = -5*g. Calculate the greatest common divisor of g and 9.
9
Let f = -3 - -5. Let i(x) = -x**3 - x**2 - x + 16. Let q be i(0). What is the highest common divisor of q and f?
2
Suppose -2*p + 4*c = -40, 2*p - 66 = -p + 4*c. What is the greatest common factor of p and 286?
26
Let t(k) = 5*k**2 - k - 2. Let d be t(3). What is the highest common divisor of 8 and d?
8
Let k be 35/1 - 2 - -3. What is the greatest common divisor of k and 180?
36
Suppose -5*f + 3*a = -207, -2*f + 80 = a - 5*a. Calculate the highest common factor of 21 and f.
21
Let h = 28 + -18. Let c = -7 + h. Let u be 56/12 - 2/c. What is the greatest common factor of u and 2?
2
Let o(z) = 0*z + 0*z + 4*z - 3*z. Let c be o(3). Suppose 5*s - a - 41 = 0, -37 = -c*s - 4*a + 6. What is the greatest common factor of 36 and s?
9
Let k(z) = 11*z - 1. Let t be k(5). Suppose 0 = 5*l - 32 - 58. What is the greatest common divisor of t and l?
18
Let z be (3/(-2))/(4/40). Let c be -2 + -1 - z/1. Suppose w = 2, 0 = -4*p + p + 5*w + 134. What is the highest common factor of p and c?
12
Suppose 3*h - 4*f - 61 - 170 = 0, 4*h - 308 = -f. Suppose -2 - 14 = -4*v. Let c = v - -7. Calculate the highest common divisor of c and h.
11
Let d = 3 - 3. Suppose -2*v + 3*p + 29 + 6 = 0, d = p + 3. What is the highest common divisor of 13 and v?
13
Let a be ((-50)/(-8))/(4/(-16)). Let q = a - -43. What is the greatest common divisor of q and 6?
6
Suppose -5*b = -2*y - 181, -4*b + 15 + 135 = y. Suppose 0*a = -3*a + 4*x + b, 0 = 3*a - 2*x - 47. Let v = a - 12. What is the highest common factor of v and 14?
7
Let y = 11 + 0. Suppose 3*s + 32 = -4*r, 4*r + 13 + y = -s. Let o(a) = -a + 5. Let g be o(s). Calculate the highest common factor of 36 and g.
9
Let y(t) = 3*t**3 - 4*t + 4. Let i be y(2). What is the greatest common divisor of 120 and i?
20
Suppose -4*j = -2*j + 2*m + 12, 0 = -5*j - 3*m - 24. Let o be ((-132)/5)/(j/10). Let b be -4 + 30/((-4)/(-2)). What is the greatest common divisor of o and b?
11
Let h = 35 - 17. Calculate the greatest common factor of h and 144.
18
Let t(a) = -5*a - 2*a + 3*a + 5*a + 12. Let j be t(-11). Calculate the greatest common factor of j and 8.
1
Let r(q) = 2*q - 10. Let x be r(7). Let f be (1 + -2)*-2 - -1. Suppose 6*k - x = 4*k, f*v - 11 = 2*k. Calculate the greatest common factor of 45 and v.
5
Let h be 4/14 + (-110)/(-7). Suppose 5*g = 4*g + 112. Calculate the greatest common divisor of h and g.
16
Let p(d) = -3*d - 4*d + 3*d - 3. Let o be p(-4). What is the greatest common divisor of 130 and o?
13
Let h be (-2 - 0) + (3 - 17). Let b = h - -28. Suppose 3*w + 2 = 5*w, 3*q = -2*w + 38. What is the highest common factor of b and q?
12
Suppose -3*l + 6*l = 12. Suppose 2*k - 12 = k. What is the highest common factor of l and k?
4
Suppose 93 = t + 2*v, -12*t = -8*t + 3*v - 367. Suppose -2*n = 2*l + 32, n - 5*l = -3*n - 19. Let w = 2 - n. Calculate the highest common factor of w and t.
13
Suppose 2*b = -2 + 4. What is the greatest common factor of 8 and b?
1
Suppose 78 + 12 = 2*z. Let p be (-168)/49 - (-3)/7. Let l be (16 - p/1) + -1. Calculate the greatest common factor of z and l.
9
Suppose 5*z + 3*h + 8 = 0, z + 0*h = 4*h + 3. Let b = z - -3. Suppose -2*k - b*k = 5*n - 29, n + 2*k - 1 = 0. Calculate the greatest common factor of 9 and n.
9
Let s be (-2)/(3/(9/(-3))). Let l(j) = -3*j**3 + s*j**3 + 2*j**3 + 6*j**2 - 2 - 9*j. Let y be l(-7). Calculate the highest common factor of y and 4.
4
Let a be -78*(3/6 + 0). Let w be (0 + -1 - -1) + 56. Let s = a + w. Calculate the highest common divisor of 51 and s.
17
Let p(g) = g**2 + 8*g + 6. Let d be p(-12). Calculate the greatest common divisor of 18 and d.
18
Let m = -22 + 40. Let j(k) = -40*k - 2. Let y be j(-5). What is the highest common divisor of y and m?
18
Let l(x) = 13*x**2 - 3*x + 2. Let t be l(4). Let s = -2 - -2. Suppose o + s = 18. What is the greatest common divisor of t and o?
18
Suppose 0 = -z + 4*w + 69, -2*w + 21 + 219 = 4*z. Let i = z + -29. Calculate the greatest common factor of 48 and i.
16
Let o be 4 - (1 - 0 - 1). Let q = 28 - o. Suppose 2*s = -0*s + 24. What is the greatest common factor of q and s?
12
Let t be (-70)/(-9) - (-22)/99. Let d be 4/2 - (-152)/4. Calculate the highest common factor of d and t.
8
Let m = -99 - -108. What is the greatest common factor of 9 and m?
9
Suppose -4*w + 113 = 2*x - 25, 0 = 2*w + 5*x - 65. Suppose -4*i - 65 + 21 = -5*v, -5*i + w = 5*v. Calculate the highest common factor of v and 20.
4
Suppose 247 = 6*m - 173. What is the greatest common factor of 14 and m?
14
Suppose 0 = -3*w - 2*w + 15. Calculate the highest common divisor of 6 and w.
3
Let w be (6 - -1) + 12/(-4). Suppose 20 = 4*p, -w*z + 2*p - 133 = -443. What is the greatest common divisor of 10 and z?
10
Suppose 5*y - 120 = 4*l, -y + 23 = 3*l - 4*l. Suppose -4*d - 2*n = -66, 0*n = -2*n + 10. What is the highest common divisor of y and d?
14
Suppose -2*q + 5*q + 5*p = 12, -5*p = 0. Let v = 9 - 13. Let m be 10*(-1)/(10/v). Calculate the highest common factor of q and m.
4
Let y = 6 - 4. Let u be (-1)/(1 - y) - -15. Calculate the highest common divisor of 112 and u.
16
Let y be (-76)/(-5) + 2/(-10). Calculate the highest common divisor of 30 and y.
15
Suppose 4*v = -v + 10. Suppose -v*b + 60 = -4. Calculate the highest common divisor of 48 and b.
16
Suppose m = -2*b - 3*b + 14, -b = m - 2. Suppose b*i - 130 = i. Calculate the highest common divisor of 13 and i.
13
Let n be (-2 - 1)/((-6)/8). Let s = -1 - 14. Let k be -3 - -2 - (s + -2). Calculate the highest common divisor of n and k.
4
Let i(s) = 2*s**3 - s**2 + 2*s. Let y be i(-2). Let n = 36 + y. Calculate the highest common factor of 24 and n.
12
Let v(h) = -h**3 + 12*h**2 + 3*h + 9. Let x be v(12). Calculate the highest common divisor of 9 and x.
9
Let c be (18/3 - -3) + 3*1. What is the greatest common factor of 8 and c?
4
Let m be (-5 + 7)*(-15)/(-3). Calculate the highest common divisor of 50 and m.
10
Suppose 2*j - 4*o = -9*o, -j = 4*o. Let b(l) = -l**2 + 5. Let f be b(j). Suppose 0 = f*p - 27 - 23. Calculate the highest common factor of p and 5.
5
Let j be 8 - -1 - (-11 - -10). What is the greatest common divisor of j and 90?
10
Suppose -3*m - 4*r = -18, -3*r + 3 = -2*r. Suppose -4*u + m*u + 6 = 0. Let j = 5 - 2. Calculate the highest common factor of u and j.
3
Let d(u) = 5*u + 2. Let f be d(2). Let t(i) = -i**3 - 7*i**2 - 4*i + 2. Let y be t(-7). Calculate the highest common divisor of y and f.
6
Let f be (-505)/(-3) + 3/(-9). Suppose -2*i - i + f = 0. Calculate the highest common divisor of i and 8.
8
Let d(k) = -3*k**2 - 2*k - 2. Let o be d(-2). Let f be (o/(-1))/(6/9). What is the highest common factor of f and 5?
5
Let j(d) = 2*d**3 - d. Let z be j(1). Let w be (-10 - 2 - -2) + 0. Let s = w - -18. What is the highest common factor of s and z?
1
Suppose o + o = 4*u + 236, -2*o + 230 = -2*u. What is the highest common factor of o and 14?
14
Let c be (-1 - 66/(-15))*5. Calculate the greatest common factor of c and 51.
17
Let t be 63*((-195)/(-35) - 6/2). Let 